st common factor of d and n?
5
Let l(f) = -76*f + 1911. Let i be l(25). What is the highest common divisor of i and 19943?
11
Suppose 3482 = 4*c + 3*n, 60*c - 858 = 59*c - 7*n. Calculate the highest common factor of 2943 and c.
109
Let h be 2/6 + 106/6. Let n = 105541 + -105523. What is the highest common factor of h and n?
18
Let d(u) be the first derivative of 3*u**4/4 - 10*u**3/3 - 17*u**2/2 + 8*u - 141. Let m be d(9). Calculate the greatest common divisor of 77 and m.
77
Let v(z) = 4*z**3 - 17*z**2 + 39*z - 36. Let n be v(9). Let g be (n/10 - 0) + 116/(-290). Calculate the greatest common divisor of 74 and g.
37
Suppose -5 + 95 = 2*a. Suppose -105203*q - 4320 = -105227*q. What is the highest common factor of q and a?
45
Suppose -135*i + 15*i + 264120 = 0. Calculate the greatest common factor of i and 568.
71
Let m = -3693 + 4085. Calculate the highest common factor of 3724 and m.
196
Suppose 0 = -7*r + 4*f + 633, 21*f - 17*f = r - 111. What is the greatest common factor of r and 1595?
29
Let t be ((-6)/(-96)*8)/((14/(-1920))/(-7)). Calculate the greatest common divisor of t and 165.
15
Let f be (9 - 19) + 5 - 222/4*-4. What is the highest common divisor of 837 and f?
31
Let x be 34 + (-1 - (-1)/(-1)). Let r(k) = -3*k**2 - 2*k - 18. Let g be r(-6). Let p = g - -178. What is the greatest common factor of p and x?
32
Let n = 75 + -45. Let m = -6125 - -6129. Calculate the highest common factor of n and m.
2
Let l = -396 - -480. Let d(a) = a**3 - 26*a**2 + 49*a + 12. Let w be d(24). What is the highest common factor of l and w?
12
Let o = -56 - -101. Let u = 48 - o. Let h be (u/15)/(1/5). Calculate the greatest common factor of 11 and h.
1
Let z = 1378 - 418. Let k = -68 + 83. Calculate the highest common factor of k and z.
15
Suppose -6*c = -3*f + 27, -3*f = 1548*c - 1545*c - 63. Suppose 63 = 3*y + 3. Let b = y + -14. What is the greatest common factor of c and b?
2
Let s be (-10 + (-690)/(-45))*63. Calculate the highest common factor of s and 1968.
48
Suppose -3*g = -3*o - 948, -7*o + 9*o = -3*g - 617. Let j = 505 + o. Suppose 5*n = n + j. Calculate the highest common factor of n and 16.
16
Let k(s) = 835*s**3 - 2*s**2 + 1. Let a be k(1). Suppose 0 = 5*p - 81 - a. Let b = p + -123. Calculate the greatest common factor of 12 and b.
12
Let o be (0 - 1)/2*-62 + 0. Let u(c) = -50*c**2 - 11*c - 1 + 56*c**2 + 15*c. Let t be u(2). Calculate the greatest common divisor of t and o.
31
Let d = 27935 - 21201. What is the highest common divisor of d and 273?
91
Let t(w) = w**3 + 3*w**2 + 10*w + 20. Let d be t(-7). Let x be (-5)/((-110)/(-33)) - d/4. Let a = 6 - -14. Calculate the highest common divisor of a and x.
20
Suppose 43 = x + 5*j, -3*j - 2*j + 15 = 0. Suppose c + 734 = 8140*k - 8136*k, 4*k = -5*c + 698. What is the highest common factor of x and k?
14
Let t be 8970/(-4)*((-4)/12 - 1). Let f be t/78 + ((-4)/(-3))/(-4). Calculate the greatest common divisor of f and 6.
2
Let x(f) = 13*f**2 - 51*f + 59. Let w be x(5). What is the greatest common divisor of 72 and w?
3
Let o(n) = -204*n + 328. Let b be o(-18). What is the highest common divisor of 20 and b?
20
Let d(m) = 3*m**3 + 39*m**2 + 46*m - 13. Let p be d(-11). What is the greatest common divisor of p and 9?
9
Suppose 15*n = -48 + 3198. Let m = -167 - -197. Calculate the highest common factor of n and m.
30
Suppose 9*y - 12*y = 4*r - 8196, -r + 5*y = -2072. Calculate the highest common divisor of 81 and r.
27
Suppose -1326*x = -1328*x + 5*s + 3394, 0 = -4*x + 4*s + 6812. What is the highest common factor of 3 and x?
3
Let o(w) = 116*w**2 - 271*w + 272. Let m be o(1). Let q(s) = -114*s**3 - 1. Let a be q(1). Let g = a + m. What is the greatest common factor of 4 and g?
2
Suppose -3*m + 15 = 0, 17*m - 495 = -s + 16*m. Let u(v) = -v**2 + 26*v + 50. Let b be u(24). What is the greatest common factor of s and b?
98
Let o be 25562 + 20 + 8 + -20. Calculate the greatest common divisor of o and 10.
10
Suppose -48*u = -45*u + 309. Suppose -12*k + 429 = -9*k. Let g = u + k. Calculate the greatest common factor of 32 and g.
8
Suppose 548*s - 542*s = 2100. Calculate the highest common divisor of 14 and s.
14
Suppose 0 = -85*k + 51*k + 63376. What is the highest common factor of k and 88?
8
Let w(n) = 2*n**2 + 7*n + 1. Let v be w(-5). Let l(j) = -j**2 + 9*j - 44. Let r be l(10). Let p = r - -134. Calculate the greatest common factor of v and p.
16
Suppose -48 = -2*s - 6*w + 10*w, -s = -5*w - 15. Suppose 0 = s*r - 53*r + 253. What is the highest common divisor of 121 and r?
11
Let u(y) = y**3 + 31*y**2 + 45*y - 57. Let p be u(-29). What is the greatest common divisor of p and 20?
20
Suppose -1376 = 2*l + 4*s, -2*l - 2*l + 2*s = 2762. Let k = -648 - l. What is the highest common factor of k and 273?
21
Suppose 44*d = -67 + 463. Suppose 2*u - 3 = 15. What is the greatest common divisor of u and d?
9
Let b be ((-4)/3)/((-8)/(-12))*6. Let h = 42 + b. Suppose h = 4*f + 3*s, -s = -3*f - 0*f + 16. Calculate the highest common factor of 6 and f.
6
Let r = -20 + 34. Suppose 0 = -5*g + 3*p - p + 49, -2*p + 6 = 0. Let b(m) = -m + 25. Let s be b(g). What is the greatest common factor of r and s?
14
Let x = 14727 + -14648. Calculate the highest common divisor of x and 29072.
79
Suppose 0 = -3*p + 6*o - 8*o + 36, -60 = -5*p + 3*o. Let z(k) = 17*k + 98. Let c be z(p). What is the highest common divisor of 2 and c?
2
Let r be 31 + (10 - (-20)/(-1)). Let i be (-5)/(5/(-75)*-5). Let l be -105*(4 + 65/i). Calculate the highest common factor of l and r.
7
Let r be (-18)/3 - 3*(-1)/1. Let d be 0/(r*((-8)/(-6))/4). Suppose 5*g - 284 - 541 = d. Calculate the greatest common factor of 15 and g.
15
Suppose 233*l = 54*l - 57101. Suppose 2*i = -224 - 174. Let c = i - l. What is the greatest common divisor of 48 and c?
24
Suppose y = b + b, 0 = -5*b. Suppose y*z + 2*z - 20 = 0. Suppose -5*p - 3*u + 203 = 0, 5*p - 18*u - 204 = -22*u. What is the highest common divisor of p and z?
10
Suppose 2*g + 12*g - 1470 = 0. Suppose 32*l = 29*l + g. Calculate the highest common divisor of l and 5.
5
Let f(d) = d**2 + 16*d + 418. Let n be f(0). Calculate the greatest common divisor of 1026 and n.
38
Let h be 4 + -2 - (4 - 2). Let i be (1 + h)/(2/(-22)). Let t(d) = 2*d**2 + 10*d - 18. Let v be t(i). Calculate the highest common factor of v and 19.
19
Suppose 3*h + 224*b - 228*b = 101392, -h + 33796 = -2*b. Calculate the highest common factor of 20 and h.
20
Suppose 0 = 4*h - 4*i - 40, 247*h + 5*i = 244*h - 10. Calculate the highest common factor of h and 3420.
5
Let s be (-2 + 0 + -21)/(1/4). Let w = s - -95. What is the highest common factor of 1 and w?
1
Let z be 28/(-12) + 2 + (-703)/(-3). Let w = z - -231. What is the greatest common factor of w and 15?
15
Suppose 3*p = 0, 0*p = 4*m - 5*p - 96. Suppose 3*o = 3*y - m, -y = 3*o + 2*y + 36. Let r be ((2 + -3)*o)/2. Calculate the highest common divisor of 5 and r.
5
Suppose 2*m - 26 - 134 = 0. Let o be (455/15 - -5)*(-5 - (-35)/10). Let b = o + m. Calculate the greatest common divisor of 27 and b.
27
Let b(h) = 29*h - 85. Let r be b(14). Let m = -161 + r. Calculate the greatest common divisor of m and 60.
20
Suppose -79 = 11*h - 1312 - 582. Calculate the highest common factor of h and 880.
55
Let u(l) = 48*l + 32 + l**3 - 28*l + 2 - 25*l - 6*l**2. Suppose -5 = -3*k + 13. Let t be u(k). What is the greatest common divisor of t and 22?
2
Suppose 0 = 48*j + 394 - 19882. What is the greatest common factor of j and 174?
58
Let g = 137 + -121. Suppose -2*p - 7 + 2 = -5*d, 2*p + 14 = 2*d. Let o = -6 - p. Calculate the greatest common factor of g and o.
4
Let p be (-2 + 3 + 4)/1. Let y(k) = k**2 - 6*k - 18. Let w be y(-4). Suppose v + 5 = 2*u - w, p*v = -2*u + 45. Calculate the highest common divisor of u and 6.
3
Let q(g) = 2*g**2 - 38*g + 68. Let c be q(17). Let a be (-1 + c)/(-9 + 89/10). What is the greatest common divisor of 70 and a?
10
Suppose 0 = -4*n - 4*j + 52, -n + 3 = -8*j + 7*j. Let m be 14/8 + (-4)/(-16). Let f be (-10 - -38)*1*m. Calculate the greatest common factor of f and n.
8
Suppose 4*k - 6*b = 100 - 372, -272 = 4*k - b. Let j be 2/(0 - 2/k). What is the highest common factor of j and 340?
68
Suppose 4*r = -8*r - 96. Let o(d) = 8*d**2 + 17*d + 83. Let s be o(r). What is the highest c